 is 136 + -2?
134
In base 6, what is 0 - -1?
1
In base 16, what is 3d + -5?
38
In base 14, what is 81 - 2?
7d
In base 2, what is 1100 + -10010011?
-10000111
In base 2, what is 0 + 101110111100?
101110111100
In base 8, what is 27 - -105?
134
In base 10, what is -23 - -31?
8
In base 3, what is -1011201 + -11?
-1011212
In base 11, what is -69 + 0?
-69
In base 3, what is 111 - -20?
201
In base 5, what is 0 - 130?
-130
In base 14, what is -4d + -2?
-51
In base 16, what is -53 + 1?
-52
In base 10, what is 1 + -69?
-68
In base 14, what is 55 + -12?
43
In base 9, what is 227 + 0?
227
In base 14, what is 243 - 0?
243
In base 13, what is -10 + -129?
-139
In base 9, what is -13 + 16?
3
In base 12, what is 2 + -30?
-2a
In base 16, what is 6 - 4d7?
-4d1
In base 10, what is -72 - 6?
-78
In base 9, what is 162 + -7?
154
In base 4, what is 3 + -103?
-100
In base 7, what is 101 - 1532?
-1431
In base 14, what is 3 + 24?
27
In base 16, what is -2dd5 + -3?
-2dd8
In base 12, what is -2791 - -2?
-278b
In base 7, what is -15 - -151?
133
In base 14, what is 459 - 2?
457
In base 8, what is -6 - -3604?
3576
In base 12, what is 4 + -15?
-11
In base 3, what is 10022 - -1102?
11201
In base 16, what is -3 + -2?
-5
In base 6, what is 23 + 41?
104
In base 5, what is -10 - -2324?
2314
In base 8, what is 7240 - -1?
7241
In base 16, what is 30f - -5?
314
In base 8, what is -1 - 3?
-4
In base 13, what is cc0 - 4?
cb9
In base 8, what is 53 - -7?
62
In base 5, what is -3 + -333?
-341
In base 9, what is 4 + 540?
544
In base 8, what is -106202 + -1?
-106203
In base 5, what is 13 - 2?
11
In base 16, what is -1 + -105?
-106
In base 16, what is -12a + -3?
-12d
In base 11, what is 0 + 281a?
281a
In base 7, what is -11456 - 5?
-11464
In base 3, what is 202 + -1011002?
-1010100
In base 11, what is -149 + -11?
-15a
In base 14, what is 1 + -54?
-53
In base 11, what is -4 - 479?
-482
In base 3, what is -1 + 21201?
21200
In base 12, what is -40 - -69?
29
In base 15, what is -4 + -26?
-2a
In base 3, what is -1010 + -1?
-1011
In base 2, what is -1 - -111101?
111100
In base 11, what is -2 - -180?
179
In base 9, what is 84 + 2?
86
In base 8, what is 257 - -2?
261
In base 3, what is -12 - -2120001?
2112212
In base 7, what is 1306 + -60?
1216
In base 4, what is -12022 + -11?
-12033
In base 4, what is 113020 - 10?
113010
In base 3, what is 0 + 1002002?
1002002
In base 8, what is 214 + 3?
217
In base 10, what is -175 + 4?
-171
In base 11, what is -1aa8 + -5?
-2002
In base 16, what is c + 3a?
46
In base 16, what is -54 + -5?
-59
In base 13, what is -4 + -3?
-7
In base 16, what is -3 + -a6?
-a9
In base 16, what is 19b + -1d?
17e
In base 13, what is -2 - 452?
-454
In base 11, what is -474 - -3?
-471
In base 9, what is -4643 - 4?
-4647
In base 12, what is -1250 - -2?
-124a
In base 11, what is 1 - -53?
54
In base 5, what is -41 - 2021?
-2112
In base 8, what is -6 + -21?
-27
In base 16, what is -4f + -6?
-55
In base 3, what is -10210011 + -10?
-10210021
In base 9, what is 1186 - 1?
1185
In base 9, what is 0 + 6561?
6561
In base 5, what is -101213 - 10?
-101223
In base 11, what is 5 - 87?
-82
In base 16, what is 4 + 5c?
60
In base 9, what is -4 + -3?
-7
In base 8, what is 40 + -24?
14
In base 16, what is -3 - -29?
26
In base 9, what is -1678 + 3?
-1675
In base 11, what is 7 + 30?
37
In base 13, what is 8 - 85?
-7a
In base 12, what is -8 + 150?
144
In base 15, what is -18 - 6a?
-83
In base 16, what is -1b + 2?
-19
In base 5, what is -43 + -221?
-314
In base 13, what is -3 + -13b0?
-13b3
In base 5, what is -1123 - 102?
-1230
In base 2, what is 100110 - -10111?
111101
In base 16, what is 903 - 5?
8fe
In base 15, what is -9 + -76?
-80
In base 10, what is -4 + -586?
-590
In base 2, what is -11011 - 1010110101?
-1011010000
In base 13, what is 0 + 35a1?
35a1
In base 15, what is -3 - 5?
-8
In base 11, what is 0 + -2?
-2
In base 4, what is -2002 + -102?
-2110
In base 3, what is -2210 + -102221?
-112201
In base 12, what is 7a - 5?
75
In base 4, what is 22000 + 322?
22322
In base 3, what is 2102101 + 0?
2102101
In base 12, what is -1b0 - -3?
-1a9
In base 16, what is -3de + -5?
-3e3
In base 15, what is -4 + -2e8?
-2ec
In base 10, what is -27 + -894?
-921
In base 8, what is 444 + 5?
451
In base 4, what is 123023 + -1?
123022
In base 7, what is 24 + 511?
535
In base 7, what is 461 + -3?
455
In base 12, what is -141 + 3?
-13a
In base 14, what is -1 - -1?
0
In base 3, what is -112020 + -201?
-112221
In base 8, what is -3 + 114?
111
In base 10, what is -5 + 36?
31
In base 4, what is -12312 + 10?
-12302
In base 14, what is 7 + 9d?
a6
In base 2, what is -10 - -111100100?
111100010
In base 2, what is -11100001 + 0?
-11100001
In base 13, what is 1 + 357?
358
In base 12, what is 66 - b5?
-4b
In base 7, what is 0 + 32?
32
In base 15, what is 1 - 68?
-67
In base 2, what is 1 - -110011100?
110011101
In base 13, what is 86 + -11?
75
In base 10, what is 440 - 8?
432
In base 11, what is 9 - -a7?
105
In base 4, what is -1 - -22?
21
In base 10, what is -9 - -17?
8
In base 14, what is -4 + -b95?
-b99
In base 5, what is -10332 - 4?
-10341
In base 9, what is 2 - -60?
62
In base 4, what is -12 + -3?
-21
In base 10, what is -163 + 2?
-161
In base 7, what is -15 + -1141?
-1156
In base 16, what is 783 + 5?
788
In base 7, what is 2 + -1101?
-1066
In base 2, what is -101000010010001 - 11?
-101000010010100
In base 10, what is -29 + 1?
-28
In base 12, what is 24 + -5?
1b
In base 12, what is -32 + -40?
-72
In base 8, what is -4125 + 5?
-4120
In base 15, what is e5 - -1a?
110
In base 15, what is -1753 + 1?
-1752
In base 8, what is 1030 - -2?
1032
In base 13, what is -54 + 11?
-43
In base 14, what is 4 - -9ac?
9b2
In base 3, what is -1 + -1211011?
-1211012
In base 15, what is 2d - -c?
3a
In base 2, what is -1010001101 - -100?
-1010001001
In base 16, what is -6 + -1c?
-22
In base 7, what is -205 + 5?
-200
In base 13, what is 3a - -4?
41
In base 4, what is 122 + 122?
310
In base 3, what is 0 - 1120?
-1120
In base 7, what is 30641 + 4?
30645
In base 12, what is -6 - -22b?
225
In base 6, what is 33 - -133?
210
In base 15, what is 4 - 62?
-5d
In base 4, what is -122 + -220?
-1002
In base 15, what is 3 + 686?
689
In base 13, what is -1a + -4?
-21
In base 10, what is 5 - 55?
-50
In base 10, what is 4 - 41?
-37
In base 14, what is -10c2 + 5?
-10bb
In base 7, what is 143 + 33?
206
In base 14, what is -3 - -9?
6
In base 2, what is 110110 + -110?
110000
In base 6, what is -1441 - -5?
-1432
In base 10, what is -6 + -105?
-111
In base 5, what is -2 + -3?
-10
In base 3, what is 10 - 11120120?
-11120110
In base 8, what is -220 + -5?
-225
In base 7, what is 22 - 112?
-60
In base 10, what is -1 + 86?
85
In base 13, what is -8 + -19?
-24
In base 5, what is -33222 - -10?
-33212
In base 4, what is -201 - -22?
-113
In base 3, what is -120002 - 11?
-120020
In base 5, what is -22300 - -4?
-22241
In base 10, what is 4 - 1433?
-1429
In base 10, what is -801 + 1?
-800
In base 15, what is -b + -cd?
-d9
In base 13, what is -32 - 31?
-63
In base 4, what is 3020 - -12?
3032
In base 11, what is 198a + -2?
1988
In base 6, what is 2 - -144?
150
In base 5, what is 0 - -411?
411
In base 3, what is 0 + 1012120?
1012120
In base 8, what is 117 - 1?
116
In base 11, what is 117 - 4?
113
In base 12, what is -40 - 2?
-42
In base 8, what is -11411 - -6?
-11403
In base 6, what is 11 + -1335?
-1324
In base 7, what is 0 - -20?
20
In base 12, what is 21 + 55?
76
In base 10, what is -3 + 869?
866
In base 15, what is 1640 - -1?
1641
In base 2, what is -110 + 101111100?
101110110
In base 5, what is 113332 - -4?
113341
In base 11, what is 114a + -1?
1149
In base 13, what is -302 + 1?
-301
In base 12, what is -9 + 14?
7
In base 9, what is -5 - 113?
-118
In base 16, what is -17 + 1f?
8
In base 9, what is 5 - -18?
24
In base 5, what is 211 - 121?
40
In base 2, what is -101110 - 10000111?
-10110101
In base 2, what is -11 - 111?
-1010
In base 12, what is -8 + -1?
-9
In base 9, what is 80 - 0?
80
In base 2, what is -111 - 1101111?
-1110110
In base 12, what is 229 - 0?
229
In base 14, what is 1 - -3c2?
3c3
In base 14, what is 1 - 71?
-70
In base 9, what is -2 - 184?
-186
In base 7, what is 10 + 4?
14
In base 9, what is 268 + 4?
273
In base 3, what is -10120 - -112?
-10001
In base 9, what is 0 + -416?
-